 = -203*x - 1833. What is f(-9)?
-6
Let w(u) = u**3 - 16*u**2 + 39*u - 24. Determine w(8).
-224
Let x(j) = -j**3 - 47*j**2 - 173*j - 41. Calculate x(-43).
2
Let j(i) = 13*i + 953. Determine j(-77).
-48
Let u(c) = 20*c**3 + c**2 - 9*c + 5. What is u(-2)?
-133
Let i(w) = 856*w - 65059. Give i(76).
-3
Let j(t) = t**2 + 109*t - 9909. Calculate j(59).
3
Let l(d) = -65*d + 454. Give l(8).
-66
Let b(n) = 19*n**3 - 16*n**2 - 5*n - 6. Give b(-3).
-648
Let f(d) = 5*d**3 - 26*d**2 - 24*d + 2. Calculate f(6).
2
Let b(f) = -50*f + 6150. Give b(123).
0
Let g(i) = -5*i**2 + 57*i - 147. Determine g(7).
7
Let x(q) = 372*q**3 + q**2 - 11*q - 10. What is x(-1)?
-370
Let a(k) = -2*k**3 - 20*k**2 + 238*k - 41. Calculate a(-17).
-41
Let v(u) = 6*u**2 - 75*u + 17. Give v(12).
-19
Let n(g) = -6*g - 48. Calculate n(-34).
156
Let x(d) = -10*d - 10. Determine x(-12).
110
Let b(m) = 28*m + 60. Give b(5).
200
Let f(v) = -2*v**2 - 95*v - 175. Calculate f(-50).
-425
Let x(b) = 85*b + 1441. Determine x(-16).
81
Let f(b) = -89*b + 4899. Calculate f(55).
4
Let m(t) = 12*t**3 - 12*t**2 + 26*t + 36. What is m(-1)?
-14
Let s(a) = 33*a + 14. What is s(-6)?
-184
Let u(j) = 2*j**3 + 33*j**2 + 13*j - 29. Determine u(-16).
19
Let a(u) = -u**3 - 92*u**2 - 518*u - 112. What is a(-86)?
60
Let x(i) = -2*i + 25. Determine x(-6).
37
Let a(v) = 103*v - 851. What is a(8)?
-27
Let v(n) = 70*n - 2381. Give v(34).
-1
Let f(g) = 3*g**2 - 8*g - 4470. Determine f(40).
10
Let j(f) = -4*f**3 + f**2 + 4*f + 11. What is j(-3)?
116
Let j(b) = 2*b**2 - 64*b - 59. Calculate j(33).
7
Let l(r) = -2*r**3 - 35*r**2 + 17*r - 27. Determine l(-18).
-9
Let f(p) = 2*p**2 + 9*p - 11. Determine f(1).
0
Let f(d) = -3*d**2 + 20*d + 61. Calculate f(10).
-39
Let y(h) = 12*h**2 + 171*h + 172. What is y(-1)?
13
Let a(s) = s**2 - 916*s - 89450. Determine a(-89).
-5
Let m(r) = 2*r**2 + 184*r + 861. Give m(-5).
-9
Let r(w) = 67*w + 2121. Calculate r(-31).
44
Let o(q) = -112*q + 3133. Calculate o(28).
-3
Let g(u) = 8*u**2 - 66*u + 111. Calculate g(6).
3
Let n(l) = -l**2 - 10*l - 1. What is n(-2)?
15
Let a(l) = -6*l**2 + 39*l + 20. Calculate a(7).
-1
Let i(h) = h**2 - 76*h + 349. Give i(70).
-71
Let g(d) = 34*d**2 + 3774*d - 9. Give g(-111).
-9
Let w(k) = -k**2 - 17115*k + 102731. Determine w(6).
5
Let b(o) = 2*o**3 - 28*o**2 + 344*o - 4816. What is b(14)?
0
Let y(c) = 1484*c + 10404. Calculate y(-7).
16
Let j(v) = -v**3 - 8*v**2 + 65*v + 264. Calculate j(-11).
-88
Let a(k) = 3*k**3 + 21*k**2 - 9*k + 9. Give a(-7).
72
Let x(z) = -z**2 - 310*z + 6975. What is x(21)?
24
Let g(z) = -260*z + 20809. Give g(80).
9
Let m(b) = -11*b**2 + 22*b + 7. Calculate m(3).
-26
Let l(j) = -3*j**3 - 8*j**2 + 13*j - 4. Determine l(4).
-272
Let y(i) = 167*i + 383. Determine y(-4).
-285
Let b(c) = -8*c**2 + 62*c - 34. Calculate b(12).
-442
Let q(i) = -377*i + 1015. What is q(6)?
-1247
Let g(w) = w**3 - 20*w**2 + 213*w - 2069. Determine g(15).
1
Let x(z) = 69*z**2 - 795*z - 795. Calculate x(-1).
69
Let d(k) = 7*k**3 + 11*k**2 + 28*k + 20. Calculate d(-1).
-4
Let i(c) = -c - 135. What is i(-5)?
-130
Let g(m) = m**3 - 6*m**2 + 142*m - 812. What is g(6)?
40
Let r(k) = -k**3 + 38*k**2 - 3*k + 87. Give r(38).
-27
Let u(v) = v**2 + 27*v - 158. Calculate u(-36).
166
Let h(a) = 37*a - 291. Give h(8).
5
Let p(y) = -y**3 + 53*y**2 - 363*y + 69. Give p(45).
-66
Let d(s) = -s**2 - 31*s - 46. Determine d(-22).
152
Let x(p) = 4*p**3 + 8*p**2 + 9*p + 3. Determine x(-1).
-2
Let o(z) = -4*z**3 + 6*z**2 - 80*z - 322. Give o(-4).
350
Let i(q) = -19*q**3 - q**2 - q - 5. Calculate i(-2).
145
Let b(l) = l**3 + 17*l**2 + 14*l + 12. Give b(-5).
242
Let d(z) = -31*z - 373. Give d(-11).
-32
Let h(d) = 2*d**2 - 156*d - 355. Calculate h(80).
-35
Let d(h) = h**2 - 94*h - 667. Determine d(-7).
40
Let g(p) = 3*p**2 - 43*p + 136. Determine g(5).
-4
Let b(w) = w**2 - 14*w - 300. Give b(25).
-25
Let v(j) = j**3 - 12*j**2 - 132*j - 14. Determine v(19).
5
Let s(m) = m**3 + 13*m**2 + 923*m + 14271. Give s(-15).
-24
Let s(k) = -k**3 - 10*k**2 + 17*k - 30. Give s(-11).
-96
Let f(c) = -3*c - 80. What is f(-30)?
10
Let a(g) = g**3 - 13*g**2 + 20*g + 6. Calculate a(2).
2
Let h(b) = b**3 + b**2 - 11*b + 9. Give h(-4).
5
Let q(a) = a**3 + 31*a**2 + 27*a - 98. Determine q(-30).
-8
Let l(o) = o**2 - 29*o + 82. Calculate l(23).
-56
Let u(c) = c**2 + 74*c - 1438. Calculate u(16).
2
Let h(l) = -213*l - 4058. Determine h(-19).
-11
Let f(d) = -47*d + 2910. Calculate f(62).
-4
Let t(f) = -f**3 - 18*f**2 - 69*f - 41. Give t(-13).
11
Let i(o) = 10*o**3 + 360*o**2 + o - 15. Give i(-36).
-51
Let h(y) = -168*y**2 - 23*y + 2. Calculate h(1).
-189
Let c(a) = a**2 - 63*a + 567. Calculate c(46).
-215
Let q(u) = 95*u - 535. Calculate q(7).
130
Let j(f) = -2680*f + 16082. What is j(6)?
2
Let y(b) = -4*b**2 + 60*b + 24. What is y(16)?
-40
Let c(n) = 6*n**2 - 589*n + 1768. Calculate c(3).
55
Let s(b) = b**2 + 6*b - 12. Calculate s(-4).
-20
Let i(s) = 30*s + 69. Give i(-3).
-21
Let c(w) = w**2 + 28*w + 113. Determine c(-5).
-2
Let j(h) = -h**3 + 43*h**2 - 85*h - 35. Determine j(41).
-158
Let s(d) = d**3 + 36*d**2 - 40*d + 48. Calculate s(-37).
159
Let s(i) = -i**3 + 95*i**2 - 625*i + 792. Give s(88).
0
Let r(d) = 2*d**2 - 593*d + 1171. Give r(2).
-7
Let s(w) = w**3 - 24*w**2 + 116*w + 30. Determine s(7).
9
Let g(n) = 2*n**3 + 18*n**2 + 44*n + 26. Determine g(-4).
10
Let r(n) = -210*n - 1680. Determine r(-8).
0
Let d(b) = 194*b - 50. Calculate d(1).
144
Let k(t) = -t**2 - 235*t - 13765. Determine k(-110).
-15
Let r(t) = t**3 - 7*t**2 - 28*t + 23. Give r(-4).
-41
Let p(l) = -30*l**3 + 5*l**2 - 16*l + 11. Calculate p(1).
-30
Let c(o) = -o**3 + 19*o**2 - 38*o + 60. What is c(17)?
-8
Let f(a) = -a**2 + 5*a - 57. Give f(-11).
-233
Let z(u) = -91*u - 2651. Give z(-29).
-12
Let b(p) = -120*p**3 + p**2 - 35*p - 36. Give b(-1).
120
Let l(j) = j**3 - 36*j**2 + 29*j + 223. What is l(35)?
13
Let m(d) = -d**3 - 18*d**2 - 71*d + 67. What is m(-8)?
-5
Let z(x) = -884*x - 7976. Calculate z(-9).
-20
Let m(u) = u**2 - 13*u - 115. Give m(17).
-47
Let r(g) = -g**3 - 22*g**2 + 247*g - 5. Calculate r(8).
51
Let z(i) = 4*i**2 + 44*i + 258. Give z(-20).
978
Let s(v) = v**3 - 76*v**2 - 2*v + 146. What is s(76)?
-6
Let z(h) = 364*h - 4976. Give z(14).
120
Let m(q) = 890*q + 2449. What is m(-3)?
-221
Let y(x) = -2487*x - 24900. Calculate y(-10).
-30
Let w(c) = c**3 - 3*c**2 - 31*c + 58. Determine w(8).
130
Let b(n) = -5*n**2 + 363*n - 359. Calculate b(1).
-1
Let n(j) = -337*j - 1690. What is n(-5)?
-5
Let o(w) = 3*w**3 + 17*w**2 + w - 1. Give o(-5).
44
Let k(j) = -52*j**2 - 320*j - 38. Calculate k(-6).
10
Let f(c) = -992*c**3 - c**2. Calculate f(-1).
991
Let b(o) = o**2 + 26*o - 788. Determine b(19).
67
Let c(a) = 15*a**2 + 102*a - 21. Calculate c(-7).
0
Let n(w) = 245*w + 3424. Give n(-14).
-6
Let q(u) = -51*u + 420. What is q(-5)?
675
Let p(t) = -t**3 - 5*t**2 + t - 8. Determine p(-7).
83
Let f(j) = 64*j + 575. Calculate f(-9).
-1
Let y(a) = 3*a - 5. What is y(-4)?
-17
Let c(a) = 32*a - 4119. Give c(132).
105
Let s(d) = 48*d - 475. What is s(10)?
5
Let i(m) = -120*m - 3660. Calculate i(-31).
60
Let f(t) = 161*t + 151. What is f(-1)?
-10
Let b(l) = -75*l - 3609. Give b(-47).
-84
Let q(p) = -3025*p + 90751. Calculate q(30).
1
Let g(b) = 33*b**2 + 317*b - 11. What is g(-9)?
-191
Let k(x) = -35*x + 987. What is k(31)?
-98
Let w(n) = n**2 + 205*n - 1017. Give w(5).
33
Let r(y) = -60*y + 6653. Determine r(111).
-7
Let g(b) = 9*b**2 - 225*b + 2. Give g(25).
2
Let l(u) = 865*u - 1737. Determine l(2).
-7
Let s(n) = -n**2 - 49*n - 520. Determine s(-34).
-10
Let v(k) = 387*k**2 - k - 2. Give v(-1).
386
Let o(z) = -z**2 - 39*z + 179. Give o(-43).
7
Let q(p) = p**3 - 8*p**2 - 27*p - 253. Give q(12).
-1
Let p(h) = -43*h**3 + 256*h**2 + 8*h + 20. Calculate p(6).
-4
Let n(y) = y**2 - 15*y - 321. Determine n(26).
-35
Let y(g) = -3*g**3 - 82*g**2 - 31*g - 65. Calculate y(-27).
43
Let o(f) = -f**2 + 31*f - 147. Give o(7).
21
Let j(q) = 38*q + 872. Calculate j(-23).
-2
Let s(a) = 154*a + 551. Give s(0).
551
Let v(u) = 201*u + 2021. What is v(-10)?
11
Let o(q) = q**2 - 10*q - 5471. Determine o(-69).
-20
Let t(i) = -2*i**2 - 9*i - 29. What is t(-8)?
-85
Let s(m) = 162*m + 11501. Give s(-71).
-1
Let p(w) = 38*w + 404. Determine p(-11).
-14
Let d(y) = -30*y -